*s**2 + 2*s + 4. What is y(5)?
-11
Let o(l) = l**3 - 5*l**2 + 8. Give o(5).
8
Let c(a) = -76*a + 150. Give c(2).
-2
Let z(o) = -o**2 - 9*o + 25. Give z(-12).
-11
Let q(m) = -3*m**2 - 5*m + 11. Calculate q(3).
-31
Let i(f) = f**2 - 13*f - 9. What is i(14)?
5
Let y(d) = -d - 9. Determine y(-7).
-2
Let v(c) = c - 21. What is v(16)?
-5
Let w(i) = -i**3 - 8*i**2 + 7*i - 5. Give w(-8).
-61
Let d(p) = -p**3 - 10*p**2 + 3*p - 7. Give d(-9).
-115
Let i(o) = o**3 + 2*o**2 - 4*o + 2. Calculate i(-5).
-53
Let c(j) = -6*j - 9. Calculate c(-8).
39
Let z(s) = s**3 - 5*s**2 + 10*s - 7. What is z(2)?
1
Let f(u) = u**3 + 6*u**2 + 10*u + 3. What is f(-4)?
-5
Let t(u) = -53*u + 1. What is t(1)?
-52
Let t(v) = -v**3 - v**2 + 4*v - 1. Calculate t(-3).
5
Let m(c) = -c**2 - 10*c - 6. Give m(-6).
18
Let v(f) = -f**2 - 4*f + 3. What is v(-4)?
3
Let z(y) = -y**3 - 7*y**2 - 11*y - 11. Give z(-4).
-15
Let t(s) = -2*s + 75. What is t(20)?
35
Let u(m) = -m**3 + m**2 - m - 2. Determine u(-1).
1
Let x(s) = -9*s**2 - 14*s - 23. Give x(-2).
-31
Let k(u) = 3*u**3 + u**2 - 2*u + 3. Give k(2).
27
Let b(q) = q**2 - 8*q - 48. Calculate b(12).
0
Let s(a) = a - 31. What is s(16)?
-15
Let w(m) = m**3 + m**2 + 5*m + 2. What is w(-3)?
-31
Let g(k) = k**3 - 13*k**2 + k. Calculate g(13).
13
Let y(i) = 6*i**2 - 16*i + 24. Determine y(5).
94
Let k(m) = 11*m + 320. Determine k(-30).
-10
Let h(q) = -q**3 - 16*q**2 + 19*q + 23. Calculate h(-17).
-11
Let n(h) = 16*h + 553. Determine n(-35).
-7
Let p(j) = -j**3 - 4*j + 4. What is p(2)?
-12
Let p(b) = -b**3 - 5*b**2 + 4*b + 3. Determine p(-5).
-17
Let a(i) = -i**3 + i**2 - i - 13. Give a(-3).
26
Let n(u) = -u**2 - 5. What is n(-2)?
-9
Let n(f) = f**2 + 2*f - 8. Calculate n(-3).
-5
Let a(x) = -x**2 - 31*x - 179. What is a(-8)?
5
Let z(a) = -4*a. What is z(4)?
-16
Let n(m) = m**2 - 16*m + 8. Determine n(15).
-7
Let n(t) = 52*t**3 - t**2 + t - 1. Determine n(1).
51
Let p(b) = b**3 - 3*b**2 - 3*b - 3. Give p(3).
-12
Let x(c) = -3*c - 1. Give x(-3).
8
Let z(f) = -2*f**2 + 9*f + 10. Give z(7).
-25
Let x(j) = 27*j - 186. What is x(6)?
-24
Let b(i) = -i - 12. What is b(-6)?
-6
Let k(x) = 2*x + 7. Determine k(-11).
-15
Let p(y) = y**3 + 8*y**2 + 7*y + 5. Calculate p(-7).
5
Let i(j) = -j. Determine i(-2).
2
Let l(q) = -31*q**2 + 5*q + 4. What is l(-1)?
-32
Let i(w) = -3*w + 2. Determine i(3).
-7
Let h(j) = -11*j + 181. What is h(17)?
-6
Let k(f) = -2*f + 7. Calculate k(4).
-1
Let v(h) = -h**3 - 19*h**2 - 30*h + 10. What is v(-17)?
-58
Let q(o) = 4*o**2 + 4*o - 16. Give q(3).
32
Let z(b) = b**3 - 16*b**2 - 14*b - 57. What is z(17)?
-6
Let c(t) = t**2 + 15*t + 5. Determine c(-14).
-9
Let j(n) = -2*n**2 + 24*n - 68. Determine j(6).
4
Let j(x) = x**3 + 6*x**2 - 6*x - 12. Determine j(-6).
24
Let p(x) = -x**2 - 8*x - 7. Give p(-5).
8
Let b(u) = u**3 - 24*u**2 - 27*u + 55. Determine b(25).
5
Let k(d) = -33*d - 7. Give k(-2).
59
Let f(s) = -s**2 - 14*s - 2. Give f(-16).
-34
Let y(p) = -3*p**2 + 5*p - 6. Give y(4).
-34
Let s(w) = -w**2 - 20*w + 16. Give s(-21).
-5
Let b(z) = z**3 + 21*z**2 + 2*z + 52. What is b(-21)?
10
Let w(o) = -7*o + 20. Calculate w(0).
20
Let y(k) = -k**3 - 3*k**2 + 3. What is y(-3)?
3
Let o(b) = 7*b + 14. Calculate o(-3).
-7
Let o(w) = -w**3 + 9*w**2 - 7*w + 68. Give o(9).
5
Let x(g) = -g**3 - 7*g**2 + 43*g - 12. Calculate x(-11).
-1
Let o(c) = -6*c + 5. Give o(-3).
23
Let v(b) = b**3 + 4*b**2 - 5*b - 19. Calculate v(-4).
1
Let n(d) = -15*d - 791. Determine n(-53).
4
Let y(z) = -z**2 - 8*z - 3. Calculate y(-5).
12
Let b(y) = -18*y - 672. What is b(-38)?
12
Let c(w) = 38*w**2 + 2. Give c(1).
40
Let g(x) = 2*x - 4. What is g(-10)?
-24
Let o(x) = -x**2 - 20. What is o(3)?
-29
Let k(b) = -b**2 + 10*b - 21. Calculate k(7).
0
Let j(a) = 18*a - 115. Calculate j(6).
-7
Let y(o) = o**3 + 6*o**2 + 13*o + 22. What is y(-4)?
2
Let q(x) = -8*x**3 + x**2 + x - 1. Determine q(1).
-7
Let n(t) = t**3 - 13*t**2 + 28*t + 12. What is n(10)?
-8
Let r(g) = -g**2 - 3*g + 7. Determine r(-3).
7
Let w(d) = -7*d + 194. Calculate w(28).
-2
Let l(h) = -h**3 - 10*h**2 + 12. Calculate l(-10).
12
Let m(y) = y + 7. Determine m(0).
7
Let b(j) = -3*j + 19. Give b(-7).
40
Let o(j) = -77*j + 384. What is o(5)?
-1
Let w(b) = 3*b + 7. Determine w(6).
25
Let a(r) = -33*r + 5. Give a(0).
5
Let f(k) = -3*k - 5. Calculate f(2).
-11
Let z(b) = -6*b + 7. Give z(-3).
25
Let u(q) = -7*q + 236. Calculate u(34).
-2
Let g(l) = -l**3 - 2*l**2 + 4*l + 8. Give g(-3).
5
Let w(m) = -5*m + 15. Calculate w(0).
15
Let i(b) = -2*b**3 - 2*b**2 - 9*b + 8. What is i(3)?
-91
Let o(q) = q**2 + 17*q - 1. What is o(-15)?
-31
Let b(t) = -15*t + 102. What is b(7)?
-3
Let w(t) = -t + 7. What is w(9)?
-2
Let t(y) = -26*y + 26. Calculate t(1).
0
Let a(v) = 4*v - 69. Give a(9).
-33
Let f(y) = -2*y**2 + 29*y + 16. Determine f(14).
30
Let d(m) = m**2 - 8*m - 6. What is d(9)?
3
Let m(h) = -h**2 - 11*h - 29. What is m(-6)?
1
Let u(s) = s**3 + s**2 + 2*s + 8. Determine u(-3).
-16
Let m(u) = u + 9. Give m(6).
15
Let x(n) = -n**3 - 17*n**2 - 16*n + 1. Give x(-16).
1
Let c(d) = 2*d**2 + 43*d + 12. What is c(-21)?
-9
Let m(w) = 7*w**2 + 7*w + 8. Calculate m(-2).
22
Let i(t) = t**3 - 10*t**2 + 2*t - 9. Give i(7).
-142
Let v(z) = z + 9. What is v(3)?
12
Let h(g) = -g**2 + 7*g + 6. Determine h(9).
-12
Let k(g) = -g - 17. Calculate k(-10).
-7
Let q(y) = -y**3 + 9*y**2 - 13*y + 11. Determine q(8).
-29
Let u(j) = 15*j - 141. Calculate u(10).
9
Let g(h) = 2*h**3 + 4*h**2 - 3*h + 5. Calculate g(-4).
-47
Let x(d) = -d**3 + 11*d**2 + 6*d - 49. Give x(11).
17
Let p(b) = 2*b + 10. What is p(-9)?
-8
Let i(w) = -2*w - 38. What is i(-31)?
24
Let m(s) = -s**2 + 7*s - 2. Determine m(4).
10
Let f(r) = r**3 + 9*r**2 + 9*r + 12. Give f(-8).
4
Let w(b) = 12*b. Determine w(1).
12
Let i(l) = -5*l + 69. What is i(12)?
9
Let v(t) = -10*t - 1. What is v(0)?
-1
Let g(c) = c**3 - 8*c**2 + c - 18. Calculate g(8).
-10
Let z(u) = 44*u + 180. What is z(-4)?
4
Let d(k) = -k**2 + 6*k - 6. Calculate d(4).
2
Let g(v) = 2*v**2 - 2*v - 10. What is g(-2)?
2
Let r(u) = 2*u + 18. What is r(-8)?
2
Let s(y) = -y**3 - 5*y**2 + 9*y + 36. Determine s(-5).
-9
Let x(u) = 10*u - 1. Calculate x(-1).
-11
Let j(n) = 9*n**2 + 65*n + 14. Give j(-7).
0
Let u(p) = -3*p**2 + 6*p + 17. What is u(4)?
-7
Let j(r) = -r - 7. Determine j(-14).
7
Let x(u) = -u**2 - 15*u + 23. Calculate x(-16).
7
Let p(j) = j**3 + 8*j**2 + 7*j + 11. Determine p(-7).
11
Let s(c) = 2*c**2 + 5*c - 1. What is s(-7)?
62
Let p(h) = 25*h - 872. Give p(35).
3
Let d(t) = -35*t. Determine d(1).
-35
Let f(x) = -x**3 - 3*x**2 + 32*x + 16. Determine f(-7).
-12
Let c(t) = t**2 - t + 33. Determine c(0).
33
Let k(j) = -2*j**2 + 5*j + 2. Calculate k(3).
-1
Let x(o) = -o**2 + 197*o - 960. Calculate x(5).
0
Let m(r) = r**2 - 2*r - 11. What is m(4)?
-3
Let l(y) = 34*y**3 - y**2 - 3*y - 1. Give l(-1).
-33
Let j(p) = -8*p - 17. Give j(-3).
7
Let q(l) = 5*l - 3. Calculate q(4).
17
Let t(g) = -g**3 + 4*g**2 + 21. Give t(5).
-4
Let j(p) = p**3 - 2*p**2 + p - 2. Give j(4).
34
Let z(x) = x**3 + 4*x**2 + x + 2. Give z(-3).
8
Let k(g) = -g**2 - 5*g + 5. What is k(1)?
-1
Let g(z) = 2*z**2 - 13*z + 6. Calculate g(9).
51
Let r(y) = -2*y**3 - 8*y**2 - 6*y - 5. Calculate r(-4).
19
Let i(c) = -c**2 + 9*c - 13. Give i(2).
1
Let v(t) = -t**3 + 10*t**2 + 2*t - 23. What is v(10)?
-3
Let w(r) = 5*r - 41. Calculate w(14).
29
Let f(v) = 2*v**2 + 17*v - 3. Give f(-10).
27
Let v(n) = 9*n - 359. Calculate v(40).
1
Let r(v) = -v**2 - 34*v - 31. Determine r(-33).
2
Let k(c) = -c**2 - 13*c - 9. What is k(-10)?
21
Let l(t) = -t**3 + 8*t**2 - 7*t + 6. Determine l(7).
6
Let q(z) = z**2 - 3*z - 22. What is q(7)?
6
Let w(n) = -n**3 + 3*n**2 + 5*n - 7. Give w(3).
8
Let f(a) = -9*a**2 - 6*a - 1. Determine f(-3).
-64
Let s(x) = x + 5. What is s(0)?
5
Let x(w) = -w**3 - 6*w**2 - w - 8. Calculate x(-6).
-2
Let o(l) = -2*l**3 - 3. What is o(0)?
-3
Let n(u) = -u**3 + 13*u**2 - 10*u - 23. Determine n(12).
1
Let u(j) = -23*j**3 - 2*j**2 + 2*j - 1. Determine u(1).
-24
Let t(o) = o**2 + 15*o - 40. Calculate t(-18).
14
Let h(k) = k**2 + 10*k - 1. What is h(-11)?
10
Let y(c) = 2*c - 15. Give y(7).
-1
Let c(k) = k**3 + 7*k**2 - 3*k + 1. Give c(-6).
55
Let o(c) = -c**3 + c - 15. Determine o(0).
-15
Let m(z) = 3*z**3 + z**2 + z - 3. Calculate m(-2).
-25
Let z(p) = -